d o.
9
Suppose 4*w - 35 = -3*s, 2*w + 5 = 3*s - 0. Suppose 5*b + s = 15. What is the greatest common divisor of 6 and b?
2
Let h = 56 - 40. Suppose 3*t + 2*t = 5*v + 10, -t + 2 = v. Suppose 0*b - b + h = v. What is the greatest common factor of 64 and b?
16
Let m be ((-104)/10)/((-4)/60*3). Calculate the highest common divisor of 26 and m.
26
Let m = -79 - -191. Calculate the highest common divisor of 7 and m.
7
Let x be (-2)/(-7) - 2020/(-35). Calculate the greatest common factor of 29 and x.
29
Let h(p) = p**3 - 10*p**2 + 9*p - 1. Let f be h(9). Let y be 102/((2/f)/(-1)). Suppose 3*v - 5*v = -68. Calculate the highest common factor of y and v.
17
Let f(z) = -z**3 + 6*z**2 - z + 7. Let u = 4 - 3. Let p = 5 + u. Let h be f(p). What is the highest common divisor of 1 and h?
1
Let x(p) = 59*p**3 + 2*p**2 - 3*p + 2. Let l be x(1). Suppose 4*y = 5*m - 0 - 87, -5*y = -4*m + 75. Calculate the highest common divisor of l and m.
15
Suppose -2*q = -q - 6. What is the highest common divisor of q and 3?
3
Let i = 539 + -352. Calculate the highest common divisor of 11 and i.
11
Let s be 2/3*1*3. Suppose -1 = s*a - 121. Calculate the highest common divisor of a and 24.
12
Suppose 0 = -0*c + 3*c - 36. Calculate the highest common divisor of c and 12.
12
Let k = 20 - 12. What is the greatest common divisor of 8 and k?
8
Let r(g) = -5*g - 5. Let b be r(-5). Suppose -11*w + 76 = 8*w. What is the greatest common divisor of w and b?
4
Let g = 77 + 19. Calculate the greatest common divisor of 32 and g.
32
Suppose 6 = 5*b + 1. Suppose 4*q + t = 3, 3*q - b = -t - 0*t. What is the greatest common divisor of q and 16?
2
Let y = 33 - 12. Calculate the greatest common divisor of y and 7.
7
Let h(j) = -9*j + 3. Let k(m) = -5*m + 2. Let v(a) = 6*h(a) - 13*k(a). Let y be v(8). What is the greatest common divisor of y and 10?
10
Let c(l) be the third derivative of l**5/30 + l**4/12 + 2*l**3/3 - l**2. Let o be c(-3). What is the highest common factor of o and 40?
8
Suppose 2*w - 1088 = -5*x, 4*x + 0*w - 852 = 3*w. Let d be ((-1)/(-2))/(6/x). Calculate the highest common divisor of 90 and d.
18
Let s = 62 + -22. Let n(i) = -i**3 + 14*i**2 + 3*i + 8. Let g be n(14). Suppose -g = -3*r - 2*r. What is the greatest common factor of s and r?
10
Suppose -4*k + 4*l = -124, 0 = -0*l + 4*l. Let o = k - 19. What is the highest common divisor of 96 and o?
12
Let u(g) = -22*g - 7. Let r be u(-2). What is the greatest common divisor of 185 and r?
37
Suppose -5*s + d + 163 = 0, -204 + 35 = -5*s - 2*d. Calculate the greatest common divisor of 11 and s.
11
Suppose -2*t - 2*t + 52 = 0. Calculate the highest common divisor of 65 and t.
13
Let o = 1 + -8. Let s = -2 - o. Let l = s - 4. Calculate the greatest common divisor of l and 5.
1
Let v = -18 - -33. Let b = 175 - v. Suppose -p - 3*p = -b. Calculate the highest common divisor of 5 and p.
5
Let t(a) = -2*a + 12. Suppose -2*g + 27 - 7 = -3*v, 2*g = -4. Let n be t(v). What is the greatest common divisor of n and 224?
28
Let o be 3*(4/6 + 1). Suppose 6 = o*r - 3*r. Suppose -2*u - r*z = -109, 4*z - 2 = 10. What is the highest common factor of u and 10?
10
Suppose 3*m = 7*s - 3*s + 210, 3*m = -2*s + 210. Calculate the greatest common factor of 10 and m.
10
Suppose 2*z - 44 = -q - 3*q, -63 = -4*z - 3*q. Let i = 230 - 146. What is the highest common factor of z and i?
12
Let i be 38/(-2) - 1 - -1. Let p = 42 - 73. Let w = i - p. What is the highest common factor of 3 and w?
3
Let z = -62 - -80. Calculate the greatest common factor of 45 and z.
9
Suppose -4*d - 3 - 5 = 0. Let q be (1 + d)*(-2 - -1). Suppose -q - 7 = -j. Calculate the highest common factor of 64 and j.
8
Let v be (-8)/3*(-20 + 2). Suppose 0 = 2*y - 24 - 0. Let j be y*(-2 + 5/2). Calculate the highest common factor of j and v.
6
Let c be (-2)/(-8)*-1 + 1015/28. Calculate the greatest common factor of 18 and c.
18
Suppose -16*h = -9*h - 189. What is the highest common divisor of h and 54?
27
Let q be 324/24 - (-2)/4. What is the greatest common factor of q and 21?
7
Let l be 12*(1/2 + 0). Suppose 3*u - 77 = -t, -3*u = -3*t - 59 - 10. Let o be ((-40)/u)/(4/(-10)). Calculate the highest common factor of o and l.
2
Let q(g) = -g**3 + 12*g**2 + 24*g + 11. Let p be q(11). What is the highest common divisor of 36 and p?
36
Let u be (-8)/(-2)*(1 - -3). What is the highest common divisor of 40 and u?
8
Suppose 4*g - 26 = -2*f + 2, 0 = 5*f + g - 70. What is the highest common factor of f and 126?
14
Let i(l) = -l**2 - 3*l - 3. Let z be i(-3). Let w = z - -4. What is the highest common factor of 7 and w?
1
Let f(x) = 7*x**2 + 5*x + 4. Let g be f(-4). Suppose -112*q - 84 = -119*q. What is the greatest common divisor of g and q?
12
Suppose -5*w + 3*y = y - 898, 3*w - 3*y = 537. Calculate the greatest common factor of 20 and w.
20
Suppose -2*v + 8 = -0*v. Let n = 17 + 19. What is the greatest common factor of n and v?
4
Suppose -4*h + 13 - 5 = 0. Suppose h*o + 0*o - 70 = 0. Calculate the greatest common divisor of 14 and o.
7
Let b(r) = -r**2 + r + 14. Let s be b(0). Calculate the highest common divisor of s and 14.
14
Let b be (4 - 3) + 11 + -1. Let g(p) = p**2 + 6*p + 8. Let n be g(7). Calculate the greatest common divisor of n and b.
11
Let k(m) = -m**2 - 16*m + 7. Let r be k(-12). What is the highest common factor of 5 and r?
5
Suppose -3*b - 60 = -8*b. Let g = 29 + -20. Let s be 165/g + 3/(-9). What is the highest common divisor of s and b?
6
Let n be 17 - (-2)/(6/9). What is the highest common divisor of 4 and n?
4
Let r = 3 + 3. Let b be (r/(-4))/((-6)/32). Calculate the greatest common factor of b and 2.
2
Let s = 427 + -302. Calculate the highest common divisor of s and 25.
25
Suppose 0 = -3*k + 5*k - 16. Let t be (-158)/(-4) - 4/(-8). What is the highest common divisor of k and t?
8
Let i(c) = c**2 - 11*c + 1. Let a be i(11). Let o(u) = -u - 3. Let v be o(-6). Calculate the greatest common divisor of a and v.
1
Suppose -5*t = -3*a + 53, -4*t + 27 + 45 = 2*a. Suppose a + 58 = 6*r. Calculate the highest common factor of r and 70.
14
Let d(p) = -p + 15. Let l be d(0). Suppose -3*k - 3*g = 1236, 2*k - 7*k - 3*g - 2062 = 0. Let j = -248 - k. Calculate the highest common divisor of l and j.
15
Let v = 39 + -11. What is the highest common factor of v and 7?
7
Let h = -118 + 190. What is the highest common factor of 9 and h?
9
Let c = -9 + 7. Let y be (-2)/(c/17) + -2. Suppose 5*o + y = 2*z, 0*z - 36 = -2*z - 2*o. What is the greatest common divisor of z and 15?
15
Suppose -3*f = -5*g + 33, 5*g - f - 19 = 12. Calculate the greatest common divisor of g and 4.
2
Suppose -2*p + 5 = j - 3, 5*j = 4*p + 96. What is the highest common divisor of j and 128?
16
Let y(c) be the second derivative of c**4/12 - c**3/2 + c**2/2 + 6*c. Let q be y(5). What is the greatest common divisor of q and 11?
11
Let t = 6 - 3. Let r(c) = -c**2 + 3*c + 11. Let o be r(5). Let n = t - o. What is the highest common divisor of n and 1?
1
Let a(z) = -2*z + 12. Let m be a(12). Let v = m - -24. What is the highest common divisor of 36 and v?
12
Let w = -2 + 3. Suppose 21 = -6*x + 3*x. Let h be 26/7 - 2/x. Calculate the greatest common factor of h and w.
1
Suppose -36 = 3*q - 4*q. What is the greatest common factor of q and 4?
4
Let m be -2 - (-1 + 42)*-4. What is the greatest common divisor of m and 18?
18
Let n be 3 - (-23 + 8) - (-1 - -5). What is the greatest common divisor of n and 224?
14
Suppose 6 = -3*k + 33. Let x be (-1 + (-2)/(-8))*-4. Let s = k + x. What is the greatest common divisor of s and 4?
4
Suppose 5*a - 11 = 19. What is the highest common factor of 66 and a?
6
Let t = -11 + 17. Suppose 4*c - 46 = -2*a, -t = -0*c + c + 4*a. Let q = -39 + 81. What is the highest common divisor of q and c?
14
Let x be 2/(-10) + 22/10. Let b be x/(-10) - 22/(-10). Suppose -2*l - b*n + 66 = -n, 160 = 4*l - 5*n. What is the highest common factor of 7 and l?
7
Suppose 3*c - 9 = 0, 3*c - c + 42 = 3*a. Suppose f + a = 3*f. What is the greatest common divisor of 32 and f?
8
Suppose -9 = -5*o + 6. Suppose o*g = 15 + 6. Calculate the greatest common factor of 56 and g.
7
Let y(f) = 10*f - 13. Let g be y(10). What is the highest common divisor of g and 29?
29
Suppose 2*u + 3*o + 11 = 0, 3*o - 7*o = -u + 22. Suppose 57 = -u*a + a. Let